ctors of 32002.
2, 16001
What are the prime factors of 10267?
10267
What are the prime factors of 105765?
3, 5, 11, 641
List the prime factors of 97235.
5, 19447
What are the prime factors of 118133?
17, 6949
What are the prime factors of 1371?
3, 457
What are the prime factors of 17796?
2, 3, 1483
List the prime factors of 107496.
2, 3, 1493
What are the prime factors of 21289?
61, 349
List the prime factors of 695.
5, 139
What are the prime factors of 3612?
2, 3, 7, 43
What are the prime factors of 97024?
2, 379
List the prime factors of 67560.
2, 3, 5, 563
What are the prime factors of 511?
7, 73
What are the prime factors of 653?
653
What are the prime factors of 22914?
2, 3, 19, 67
List the prime factors of 29006.
2, 14503
What are the prime factors of 2194?
2, 1097
What are the prime factors of 755?
5, 151
What are the prime factors of 13669?
13669
What are the prime factors of 2600?
2, 5, 13
List the prime factors of 7398.
2, 3, 137
What are the prime factors of 406?
2, 7, 29
List the prime factors of 4370.
2, 5, 19, 23
List the prime factors of 981.
3, 109
What are the prime factors of 9451?
13, 727
List the prime factors of 12132.
2, 3, 337
What are the prime factors of 4831?
4831
List the prime factors of 99371.
99371
List the prime factors of 7584.
2, 3, 79
List the prime factors of 2441.
2441
List the prime factors of 1708.
2, 7, 61
List the prime factors of 28408.
2, 53, 67
What are the prime factors of 2194?
2, 1097
List the prime factors of 245.
5, 7
What are the prime factors of 116986?
2, 29, 2017
List the prime factors of 37634.
2, 31, 607
What are the prime factors of 1837?
11, 167
What are the prime factors of 5418?
2, 3, 7, 43
List the prime factors of 58603.
58603
What are the prime factors of 15413?
15413
List the prime factors of 3791.
17, 223
What are the prime factors of 30783?
3, 31, 331
What are the prime factors of 747?
3, 83
List the prime factors of 1424.
2, 89
List the prime factors of 40454.
2, 113, 179
List the prime factors of 131171.
131171
What are the prime factors of 174?
2, 3, 29
What are the prime factors of 42374?
2, 21187
List the prime factors of 9472.
2, 37
List the prime factors of 20983.
20983
What are the prime factors of 515?
5, 103
List the prime factors of 976.
2, 61
What are the prime factors of 19290?
2, 3, 5, 643
List the prime factors of 40240.
2, 5, 503
What are the prime factors of 10529?
10529
List the prime factors of 523.
523
List the prime factors of 4951.
4951
List the prime factors of 4917.
3, 11, 149
List the prime factors of 59270.
2, 5, 5927
What are the prime factors of 1368?
2, 3, 19
List the prime factors of 3031.
7, 433
What are the prime factors of 15488?
2, 11
List the prime factors of 9176.
2, 31, 37
What are the prime factors of 7374?
2, 3, 1229
List the prime factors of 6217.
6217
What are the prime factors of 591?
3, 197
List the prime factors of 87407.
87407
List the prime factors of 98314.
2, 49157
List the prime factors of 104221.
13, 8017
List the prime factors of 405.
3, 5
List the prime factors of 297.
3, 11
What are the prime factors of 6502?
2, 3251
List the prime factors of 7364.
2, 7, 263
List the prime factors of 49396.
2, 53, 233
What are the prime factors of 1676?
2, 419
List the prime factors of 50273.
50273
List the prime factors of 45205.
5, 9041
List the prime factors of 608.
2, 19
What are the prime factors of 53368?
2, 7, 953
What are the prime factors of 687?
3, 229
List the prime factors of 12535.
5, 23, 109
List the prime factors of 1096.
2, 137
List the prime factors of 3379.
31, 109
List the prime factors of 1552.
2, 97
What are the prime factors of 42979?
42979
List the prime factors of 768.
2, 3
List the prime factors of 631.
631
What are the prime factors of 11812?
2, 2953
What are the prime factors of 8729?
7, 29, 43
List the prime factors of 6801.
3, 2267
List the prime factors of 2106.
2, 3, 13
What are the prime factors of 34627?
31, 1117
List the prime factors of 20022.
2, 3, 47, 71
List the prime factors of 1495.
5, 13, 23
List the prime factors of 1545.
3, 5, 103
What are the prime factors of 32122?
2, 16061
List the prime factors of 6350.
2, 5, 127
What are the prime factors of 84?
2, 3, 7
List the prime factors of 557.
557
List the prime factors of 302.
2, 151
List the prime factors of 6579.
3, 17, 43
List the prime factors of 5441.
5441
What are the prime factors of 1424?
2, 89
What are the prime factors of 3794?
2, 7, 271
List the prime factors of 119624.
2, 19, 787
List the prime factors of 89481.
3, 7, 4261
List the prime factors of 208.
2, 13
List the prime factors of 14930.
2, 5, 1493
List the prime factors of 2462.
2, 1231
List the prime factors of 2152.
2, 269
What are the prime factors of 18?
2, 3
What are the prime factors of 5836?
2, 1459
List the prime factors of 1813.
7, 37
What are the prime factors of 5219?
17, 307
List the prime factors of 3648.
2, 3, 19
What are the prime factors of 20246?
2, 53, 191
What are the prime factors of 6471?
3, 719
What are the prime factors of 675?
3, 5
What are the prime factors of 54857?
11, 4987
List the prime factors of 2328.
2, 3, 97
List the prime factors of 1457.
31, 47
List the prime factors of 17291.
17291
List the prime factors of 88603.
251, 353
List the prime factors of 6661.
6661
What are the prime factors of 2316?
2, 3, 193
List the prime factors of 4563.
3, 13
List the prime factors of 1079.
13, 83
What are the prime factors of 1901?
1901
List the prime factors of 686.
2, 7
List the prime factors of 83533.
103, 811
What are the prime factors of 6668?
2, 1667
What are the prime factors of 425?
5, 17
What are the prime factors of 5455?
5, 1091
List the prime factors of 2411.
2411
What are the prime factors of 700?
2, 5, 7
What are the prime factors of 3093?
3, 1031
List the prime factors of 123535.
5, 31, 797
List the prime factors of 2773.
47, 59
List the prime factors of 2145.
3, 5, 11, 13
What are the prime factors of 40866?
2, 3, 7, 139
List the prime factors of 92.
2, 23
List the prime factors of 34308.
2, 3, 953
What are the prime factors of 4600?
2, 5, 23
What are the prime factors of 2166?
2, 3, 19
What are the prime factors of 13534?
2, 67, 101
List the prime factors of 1693.
1693
List the prime factors of 4160.
2, 5, 13
List the prime factors of 101674.
2, 29, 1753
What are the prime factors of 53533?
17, 47, 67
List the prime factors of 105341.
105341
List the prime factors of 1744.
2, 109
List the prime factors of 6.
2, 3
What are the prime factors of 7041?
3, 2347
List the prime factors of 9536.
2, 149
What are the prime factors of 632?
2, 79
What are the prime factors of 98840?
2, 5, 7, 353
List the prime factors of 329.
7, 47
What are the prime factors of 20470?
2, 5, 23, 89
List the prime factors of 975.
3, 5, 13
What are the prime factors of 8955?
3, 5, 199
What are the prime factors of 3506?
2, 1753
What are the prime factors of 2880?
2, 3, 5
What are the prime factors of 32621?
32621
What are the prime factors of 1134?
2, 3, 7
List the prime factors of 4269.
3, 1423
What are the prime factors of 2352?
2, 3, 7
What are the prime factors of 2818?
2, 1409
What are the prime factors of 28511?
7, 4073
What are the prime factors of 2223?
3, 13, 19
List the prime factors of 30122.
2, 15061
List the prime factors of 3314.
2, 1657
What are the prime factors of 928?
2, 29
What are the prime factors of 2496?
2, 3, 13
List the prime factors of 773.
773
List the prime factors of 2605.
5, 521
What are the prime factors of 5671?
53, 107
What are the prime factors of 3280?
2, 5, 41
What are the prime factors of 735?
3, 5, 7
What are the prime factors of 7578?
2, 3, 421
List the prime factors of 16274.
2, 79, 103
List the prime factors of 85193.
85193
What are the prime factors of 42764?
2, 10691
What are the prime factors of 5772?
2, 3, 13, 37
What are the prime factors of 50028?
2, 3, 11, 379
What are the prime factors of 1071?
3, 7, 17
List the prime factors of 11456.
2, 179
What are the prime factors of 31391?
31391
What are the prime factors of 1667?
1667
What are the prime factors of 20643?
3, 7, 983
List the prime factors of 2651.
11, 241
List the prime factors of 15345.
3, 5, 11, 31
List the prime factors of 2189.
11, 199
What are the prime factors of 18383?
31